5. Let z be t(20). Let g be ((-110)/3)/((-6)/9). Calculate the greatest common factor of g and z.
5
Let a be 4/(-2) - (-23 - (-1 + 2)). Calculate the highest common factor of a and 33.
11
Let r = 1 + 17. Let z be (-13)/((-65)/6)*(44 - 14). Calculate the highest common divisor of r and z.
18
Let d = -121 + 122. Suppose 5*c + 0*c - 45 = 0. What is the highest common factor of c and d?
1
Suppose 24*k = -39*k + 4536. Calculate the highest common factor of 153 and k.
9
Let i be (2/(-3)*6)/(-1). Let k(n) = n**3 + 2*n**2 - 2*n - 7. Let h be k(3). What is the highest common divisor of i and h?
4
Let m be ((-27)/21)/((-6)/28). Calculate the greatest common factor of 10 and m.
2
Let m be (-1 + -224)*(-52)/65. Suppose 3*k + m = 6*k. What is the greatest common divisor of 12 and k?
12
Suppose -16317 = 17*m - 38*m. Calculate the highest common factor of 42 and m.
21
Let u(n) = n**2 + 7. Let b be u(-7). Let w be -35*(-4)/b*-12. Let q = -16 - w. What is the highest common divisor of 42 and q?
14
Let i be -12*(80/(-24) + (-2 - 1)). What is the greatest common divisor of 19 and i?
19
Let f(r) be the second derivative of 1/12*r**4 + 4*r + 1/2*r**3 + 0*r**2 + 0. Let h be f(-8). Calculate the greatest common divisor of 8 and h.
8
Let u(y) = 4*y - 3. Suppose 6*n - 2*n - 24 = -3*r, 21 = n - 3*r. Let q be u(n). Calculate the highest common factor of 231 and q.
33
Suppose 0 = 2*p - 15 - 47. Let j be (1 - 0)*0/2. Suppose -3*k + 678 - 27 = j. What is the highest common divisor of p and k?
31
Let x(m) = -2*m + 2. Let y(l) = 3*l**3 - 1. Let d be y(1). Let b be x(d). Let s be b + 4 + 1 + 37. What is the greatest common divisor of 16 and s?
8
Let t(y) = -9*y + 102. Let s be t(9). Calculate the greatest common divisor of 77 and s.
7
Let m be -3*(2 - 1) + 102. Calculate the greatest common factor of 11 and m.
11
Let b(v) = v + 6. Suppose n - 10 = p - n, 4*p - 3*n + 15 = 0. Let d be b(p). What is the highest common divisor of 42 and d?
6
Let c be ((-23)/3)/(1/(-3)). Let s(r) = 6*r - 38. Let u be s(7). Suppose -2*k + 67 = x, -279 = -u*x + 2*k + k. What is the greatest common factor of x and c?
23
Let g be ((-3)/(-9))/((-2)/(-12)). Suppose -3*a = -2*o + 45, 1 = g*o + 5*a - 4. What is the highest common factor of 3 and o?
3
Suppose 3*n + 3*t - 7*t - 219 = 0, -5*n + t = -382. What is the greatest common divisor of n and 1771?
77
Let v be -9 - (-3006 - (-4 - 9)). Calculate the greatest common divisor of 8 and v.
8
Let d = 125 - 123. Suppose 2*n - 362 = -4*l, d*n - 344 = 3*l - l. Calculate the highest common factor of n and 25.
25
Let r be -2 + (2 - 1) + 2. Suppose -c - r = s - 9, 7 = s + 2*c. Calculate the highest common divisor of 18 and s.
9
Let i(j) = j**3 + 24*j**2 - 57*j - 93. Let k be i(-26). Calculate the highest common divisor of k and 1813.
37
Suppose 0 = -2*p + 4*b + 172, 3*p + b - 90 = 147. Let r(t) = t**3 + 3*t + 61. Let a be r(0). Let x = a + -29. Calculate the greatest common factor of x and p.
16
Let y be 952/32 - (-2)/8. Let x be (66/8)/(y/80). Let d = 221 + -45. Calculate the greatest common factor of d and x.
22
Let x = 4098 - 4046. Let y(q) = -q**3 - q**2 + 2*q + 1. Let h be y(-3). What is the highest common divisor of h and x?
13
Let q(d) = -3*d + 23. Let u be q(6). Let k be (0 - u) + 3 + 4. Suppose 4*p = y + 44, 0*p - 8 = -2*p - 3*y. Calculate the highest common factor of k and p.
2
Let h be 64/(-6)*54/(-24). Suppose 0 = -8*o + 264 + h. What is the highest common factor of 24 and o?
12
Let d be 96/(6 + -2)*1. Calculate the greatest common factor of d and 344.
8
Suppose 3*v + 4*v - 3*v = 0. Suppose -h + v*h = 3*m - 787, h = m - 257. What is the highest common divisor of 29 and m?
29
Let d = -3 + 5. Let v be 15/(d + (-2)/4). Let g = -1022 + 1052. Calculate the greatest common divisor of v and g.
10
Suppose r = -10 + 95. Suppose 5*g + 15 = 0, -5*g - 37 = -y + 24. Suppose -2*k = -y - 22. Calculate the highest common divisor of k and r.
17
Let z = 323 + -317. What is the highest common divisor of z and 192?
6
Let u(v) = -2674*v**3 + 2*v**2 - 8*v - 9. Let f be u(-1). Calculate the highest common divisor of 25 and f.
25
Suppose 2*h = h + 65. Suppose 2*i = 7*i + h. Let x = 8 - i. What is the greatest common divisor of x and 14?
7
Suppose 168 = 17*b - 13*b. Let o = 55 + 155. Suppose 7*j - 9*j + o = 0. Calculate the highest common divisor of j and b.
21
Let x(m) = 100*m**2 - 2*m + 1. Let o be x(1). Let j be (12 + -2)/2 + -1. Let k be (8/(-12))/(j/(-66)). What is the highest common divisor of k and o?
11
Let b be ((-20)/35)/2 - (-1934)/7. Calculate the greatest common divisor of 23 and b.
23
Let x = 178 - 142. What is the greatest common factor of x and 84?
12
Suppose -5*t + 184 = -3*t + 2*v, -84 = -t - 3*v. What is the highest common factor of t and 240?
48
Suppose 2*r = -r - 4*x + 14, 5*r - 66 = 4*x. Let a be -30 - 3/((-6)/8). Let g = a + 96. What is the greatest common factor of r and g?
10
Suppose -3961 = 39*f - 11371. Calculate the highest common divisor of f and 114.
38
Let r(w) = 213*w**2 - 15*w + 16. Let v be r(1). Calculate the greatest common factor of 2 and v.
2
Let g = 142 - 138. Let t be 17/((-68)/(-168)) + g. What is the greatest common factor of 414 and t?
46
Let w(f) = -f**3 - 31*f**2 + 34*f + 94. Let b be w(-32). What is the highest common divisor of b and 210?
30
Suppose -42 = 6*z - 6. Let b = 15 - z. What is the highest common divisor of 7 and b?
7
Let q = 31 - 3. Suppose 12 = -0*r - 12*r. Let n be r + 32/28 - 162/(-42). What is the highest common divisor of q and n?
4
Let s = 1569 - 1555. Let f(b) = 10*b**2 - 7*b + 7 - b**3 + b**2 + 0*b**3. Let m be f(7). What is the highest common factor of s and m?
14
Let z = -2136 - -2160. Calculate the greatest common factor of z and 54.
6
Suppose 11*k - 1149 - 2118 = 0. Calculate the greatest common factor of 108 and k.
27
Let g = -276 + 348. What is the greatest common divisor of g and 81?
9
Suppose -4*z + 204 = -4*f, -2*z + 225 = 3*z + f. Calculate the greatest common factor of 138 and z.
46
Let i be -7 + (-5)/(10/(-476)). What is the greatest common factor of i and 77?
77
Let l(u) = 5*u**2 + 14*u + 29. Let w be l(-3). Calculate the highest common divisor of 80 and w.
16
Suppose -4*b - 8 = -4*u, -3*u + 2*b + 2 = -2. Let h = u - -19. What is the greatest common divisor of 38 and h?
19
Let m(v) = 3*v**2 - v. Let c be m(-3). Suppose t - 6*t + c = 0. Let n(z) = 9*z - 123. Let y be n(14). Calculate the highest common divisor of t and y.
3
Suppose -792 = 6*t - 4248. What is the highest common factor of t and 54?
18
Suppose 2*a - 4 + 16 = 0. Let b(d) = -d**3 - 5*d**2 + 3*d - 11. Let i be b(a). What is the highest common factor of i and 1?
1
Let j = 17 + -18. Let d = 5 + j. What is the highest common divisor of d and 36?
4
Let t(c) = c**3 + 3*c**2 + 4*c + 2. Let k be t(-1). Let l be -1 + -1 - ((-135 - k) + 1). Calculate the highest common divisor of l and 88.
44
Let b be -2 - (-5)/(15/9). Let f be 1 + -3 - (-118 - b). Let g(c) = 4*c + 29. Let q be g(-4). What is the highest common divisor of q and f?
13
Let g be (-54955)/(-165) + 14/(-231). Calculate the highest common divisor of g and 18.
9
Suppose 7*u - 24 = -u. Suppose 4*x - 179 = -v + 33, -u*x + 168 = 3*v. What is the highest common divisor of x and 78?
26
Let n(s) = -14*s**2 - 15*s - 68. Let j(i) = -5*i**2 - 5*i - 23. Let h(t) = 17*j(t) - 6*n(t). Let k be h(7). Calculate the highest common factor of k and 21.
3
Suppose 0 = 11*k - 660 - 55. What is the highest common divisor of 13 and k?
13
Suppose 44*k = 39*k - 10, 2*f - 2*k - 52 = 0. What is the highest common factor of 12 and f?
12
Let x be 2*(-6)/4 + 6. Let j(p) = 6*p**3 + 3*p**2 - 4*p + 2. Let q be j(x). Let f = q + -84. Calculate the greatest common factor of 19 and f.
19
Suppose -100 = 11*m - m. Let y(u) = 8*u + 13. Let s(w) = -1. Let p(f) = 2*s(f) - y(f). Let h be p(m). Calculate the greatest common factor of h and 26.
13
Let x = -92 - -54. Let h(g) = -2*g**3 - 10*g**2 - 2*g - 1. Let c be h(-6). Let y = c + x. What is the greatest common divisor of y and 30?
15
Let u(v) be the third derivative of 31*v**5/60 - v**4/8 - v**3/6 + 19*v**2. Let x be u(-1). What is the highest common factor of x and 3?
3
Let h be (-17)/34 - (-1)/((-2)/(-13)). Let t(w) = w + 4. Let z be t(5). Let s = 15 - z. Calculate the hig